{"id":1971,"date":"2022-10-17T18:17:11","date_gmt":"2022-10-17T18:17:11","guid":{"rendered":"http:\/\/civilportal.ro\/BodoBarna\/?page_id=1971"},"modified":"2022-10-17T18:24:21","modified_gmt":"2022-10-17T18:24:21","slug":"bodo-maria","status":"publish","type":"page","link":"http:\/\/civilportal.ro\/BodoBarna\/bodo-maria-es-barna-alap\/bodo-maria\/","title":{"rendered":"Bod\u00f3 M\u00e1ria"},"content":{"rendered":"\t\t<div data-elementor-type=\"wp-page\" data-elementor-id=\"1971\" class=\"elementor elementor-1971\" data-elementor-settings=\"[]\">\n\t\t\t\t\t\t\t<div class=\"elementor-section-wrap\">\n\t\t\t\t\t\t\t<section class=\"elementor-section elementor-top-section elementor-element elementor-element-7535d62 elementor-section-boxed elementor-section-height-default elementor-section-height-default\" data-id=\"7535d62\" data-element_type=\"section\">\n\t\t\t\t\t\t<div class=\"elementor-container elementor-column-gap-default\">\n\t\t\t\t\t<div class=\"elementor-column elementor-col-100 elementor-top-column elementor-element elementor-element-c1995a2\" data-id=\"c1995a2\" data-element_type=\"column\">\n\t\t\t<div class=\"elementor-widget-wrap elementor-element-populated\">\n\t\t\t\t\t\t\t\t<div class=\"elementor-element elementor-element-b6bdbb5 elementor-widget elementor-widget-spacer\" data-id=\"b6bdbb5\" data-element_type=\"widget\" data-widget_type=\"spacer.default\">\n\t\t\t\t<div class=\"elementor-widget-container\">\n\t\t\t\t\t<div class=\"elementor-spacer\">\n\t\t\t<div class=\"elementor-spacer-inner\"><\/div>\n\t\t<\/div>\n\t\t\t\t<\/div>\n\t\t\t\t<\/div>\n\t\t\t\t\t<\/div>\n\t\t<\/div>\n\t\t\t\t\t\t\t<\/div>\n\t\t<\/section>\n\t\t\t\t<section class=\"elementor-section elementor-top-section elementor-element elementor-element-ebcb483 elementor-section-boxed elementor-section-height-default elementor-section-height-default\" data-id=\"ebcb483\" data-element_type=\"section\">\n\t\t\t\t\t\t<div class=\"elementor-container elementor-column-gap-default\">\n\t\t\t\t\t<div class=\"elementor-column elementor-col-100 elementor-top-column elementor-element elementor-element-b16ad9b\" data-id=\"b16ad9b\" data-element_type=\"column\">\n\t\t\t<div class=\"elementor-widget-wrap elementor-element-populated\">\n\t\t\t\t\t\t\t\t<div class=\"elementor-element elementor-element-aaacd69 elementor-widget elementor-widget-heading\" data-id=\"aaacd69\" data-element_type=\"widget\" data-widget_type=\"heading.default\">\n\t\t\t\t<div class=\"elementor-widget-container\">\n\t\t\t<h1 class=\"elementor-heading-title elementor-size-default\">Bod\u00f3 M\u00e1ria<\/h1>\t\t<\/div>\n\t\t\t\t<\/div>\n\t\t\t\t\t<\/div>\n\t\t<\/div>\n\t\t\t\t\t\t\t<\/div>\n\t\t<\/section>\n\t\t\t\t<section class=\"elementor-section elementor-top-section elementor-element elementor-element-8f0e147 elementor-section-boxed elementor-section-height-default elementor-section-height-default\" data-id=\"8f0e147\" data-element_type=\"section\">\n\t\t\t\t\t\t<div class=\"elementor-container elementor-column-gap-default\">\n\t\t\t\t\t<div class=\"elementor-column elementor-col-100 elementor-top-column elementor-element elementor-element-0593c8e\" data-id=\"0593c8e\" data-element_type=\"column\">\n\t\t\t<div class=\"elementor-widget-wrap elementor-element-populated\">\n\t\t\t\t\t\t\t\t<div class=\"elementor-element elementor-element-3549698 elementor-widget elementor-widget-text-editor\" data-id=\"3549698\" data-element_type=\"widget\" data-widget_type=\"text-editor.default\">\n\t\t\t\t<div class=\"elementor-widget-container\">\n\t\t\t\t\t<div class=\"elementor-text-editor elementor-clearfix\"><p><strong><img loading=\"lazy\" decoding=\"async\" class=\"alignleft size-medium wp-image-1961\" src=\"http:\/\/civilportal.ro\/BodoBarna\/wp-content\/uploads\/2022\/10\/BodoMaria-218x300.jpg\" alt=\"\" width=\"218\" height=\"300\" srcset=\"http:\/\/civilportal.ro\/BodoBarna\/wp-content\/uploads\/2022\/10\/BodoMaria-218x300.jpg 218w, http:\/\/civilportal.ro\/BodoBarna\/wp-content\/uploads\/2022\/10\/BodoMaria.jpg 476w\" sizes=\"auto, (max-width: 218px) 100vw, 218px\" \/>Bod\u00f3 M\u00e1ria, a pedag\u00f3gus<\/strong><br \/>(B\u00e9k\u00e9s, 1919\u20131995, Sepsiszentgy\u00f6rgy)<\/p><p>K\u00f6ztudott \u00e9s egy\u00e9rtelm\u0171en elfogadott volt Sepsiszentgy\u00f6rgy\u00f6n, hogy Bod\u00f3 M\u00e1ria tan\u00edtv\u00e1nyai \u00edrnak a leghelyesebben, besz\u00e9lnek a legv\u00e1laszt\u00e9kosabban, noha azokban az \u00e9vekben, amikor magyar nyelv \u00e9s irodalmat tan\u00edtott (1942\u20131973), nem szerveztek helyes\u00edr\u00e1si, nyelvhelyess\u00e9gi versenyeket, sem tant\u00e1rgyolimpi\u00e1kat, ahonnan a tan\u00edtv\u00e1nyai oklevelekkel t\u00e9rhettek volna haza, hivatalos pap\u00edrokkal is al\u00e1t\u00e1masztani munk\u00e1ja eredm\u00e9nyess\u00e9g\u00e9t. Szem\u00e9ly\u00e9t m\u00e9gis legend\u00e1s elismer\u00e9s \u00f6vezte, nev\u00e9hez kapcsolva a szakmai tud\u00e1s mellett a szigor\u00fa ig\u00e9nyess\u00e9get, k\u00f6vetkezetess\u00e9get. Tan\u00e1ri berkekben egyfajta m\u00e9rce volt, a sz\u00fcl\u0151k k\u00f6r\u00e9ben megnyugtat\u00f3 biztos\u00edt\u00e9k: n\u00e1la j\u00f3 kezekben van a gyermek.<\/p><p>H\u00edre-neve megel\u0151zte szem\u00e9lyes tal\u00e1lkoz\u00e1sunkat, 1969 \u0151sz\u00e9t, amikor (p\u00e1lyakezd\u0151 tan\u00e1rk\u00e9nt) koll\u00e9g\u00e1ja lettem egy tan\u00e9vre a sepsiszentgy\u00f6rgyi 1-es sz\u00e1m\u00fa \u00c1ltal\u00e1nos Iskol\u00e1ban. Munkakapcsolatunk sor\u00e1n megbizonyosodtam, hogy a h\u00edrek nem t\u00faloztak, Bod\u00f3 M\u00e1ria val\u00f3ban remek tan\u00e1r, de t\u00f6bb ann\u00e1l: igazi pedag\u00f3gus, a g\u00f6r\u00f6g paidagogosz jelent\u00e9se szerinti \u201egyermekvezet\u0151\u201d, tan\u00edtv\u00e1nyainak nevel\u0151je, fiatalabb munkat\u00e1rsainak seg\u00edt\u0151 tan\u00e1csad\u00f3ja. A kisv\u00e1ros saj\u00e1tosan helyi elv\u00e1r\u00e1sainak, hangad\u00f3 szem\u00e9lyis\u00e9geinek, azok kapcsolati h\u00e1l\u00f3j\u00e1nak t\u00e1rgyilagos bemutat\u00e1s\u00e1val \u00e9s v\u00e9lem\u00e9nyez\u00e9s\u00e9vel a beilleszked\u00e9sben seg\u00edtett. Szakmai besz\u00e9lget\u00e9seink ir\u00e1nymutat\u00f3ak voltak, olyasmit tanulhattam t\u0151le, amire az egyetemen nem k\u00e9sz\u00edtettek fel, amire csak sok \u00e9v tapasztalata \u00e9s szakmai gyakorlata tan\u00edthatja meg a j\u00f3 pedag\u00f3gust. J\u00f3 sz\u00e1nd\u00e9k\u00fa \u00e9rdekl\u0151d\u00e9se elhozta n\u00e9h\u00e1ny tan\u00edt\u00e1si \u00f3r\u00e1mra, ut\u00e1na \u00e9rt\u00e9kelte a frissen hozott, \u00faj szeml\u00e9letet, a \u201emodern\u201d m\u00f3dszereket. B\u00e1r az \u0151 m\u00f3dszerei ma is meg\u00e1lln\u00e1k a hely\u00fcket, mert tud\u00e1sb\u00f3l, c\u00e9ltudatoss\u00e1gb\u00f3l, hivat\u00e1studatb\u00f3l, a gyermek tisztelet\u00e9b\u0151l t\u00e1pl\u00e1lkoztak.<\/p><p>Az \u00e1ltala sz\u00ednpadra \u00e1ll\u00edtott <em>A J\u00f3ka \u00f6rd\u00f6ge<\/em> (Arany J\u00e1nos) pr\u00f3b\u00e1in leny\u0171g\u00f6z\u00f6tt a t\u00fcrelme \u00e9s humor\u00e9rz\u00e9ke, a helyes ejt\u00e9st, hangs\u00falyt \u00e9s besz\u00e9dritmust gyakoroltat\u00f3 konoks\u00e1ga. Lend\u00fcletes, fiatalos volt, nem csak a katedr\u00e1n vagy a m\u0171vel\u0151d\u00e9sszervez\u00e9sben, de a mindennapokban is, nem sejtettem, hogy k\u00f6zel \u00e1ll a nyugd\u00edjas korhoz. Nevel\u0151test\u00fcleti \u00fcl\u00e9seken el\u00fclt a zaj, ha \u0151 jelentkezett sz\u00f3l\u00e1sra, az \u0151 besz\u00e9de \u00fcde kil\u00e9p\u00e9s volt a korra jellemz\u0151 \u00fcres fecseg\u00e9sb\u0151l. Mert nem csak besz\u00e9lt, hanem mondott is a r\u00e1 jellemz\u0151 sz\u00f3kimond\u00f3 egyeness\u00e9ggel. Az ideol\u00f3giai szemin\u00e1riumokon fegyelmezetten r\u00e9szt vett, de soha nem sz\u00f3lalt meg. Mert megengedhetem magamnak a hallgat\u00e1st \u2013 v\u00e1laszolta az okot firtat\u00f3 k\u00e9rd\u00e9semre. (Ma m\u00e1r tudom, hogy az \u201eoszt\u00e1lyharc\u201d \u00e9veiben kem\u00e9nyen megfizetett az 1970-beli hallgat\u00e1s jog\u00e1\u00e9rt.) Bar\u00e1ts\u00e1gg\u00e1 alakult kapcsolatunkban a mentor-szerepe mindv\u00e9gig megmaradt, nyugalmazottk\u00e9nt is p\u00e9ld\u00e1t mutatott, okos volt a biztat\u00e1sa, b\u00f6lcs tapintat\u00fa az elmarasztal\u00e1sa.<\/p><p>V\u00e9ndi\u00e1kok eml\u00e9kk\u00f6nyv\u00e9t lapozgatva \u00e1llap\u00edthattam meg, hogy volt tan\u00edtv\u00e1nyai id\u0151s korukban, t\u00fal a 80-on is s\u0171r\u0171n emlegetik, h\u00e1l\u00e1val eml\u00e9kezve M\u00e1ria n\u00e9nire, \u201efelejthetetlen p\u00e9ldak\u00e9pnek\u201d, \u201esorsuk ir\u00e1ny\u00edt\u00f3j\u00e1nak\u201d nevezik, aki \u201enagyon \u00e9rtett hozz\u00e1, hogyan kell a gyermeki sz\u00edvekbe bevinni a szeretetet\u201d, \u201enem csak tan\u00edtott, de nevelt\u201d, \u201e\u00e9letre sz\u00f3l\u00f3 nyomot hagyott benn\u00fcnk\u201d, \u201emeghat\u00e1rozta a p\u00e1lyav\u00e1laszt\u00e1somat\u201d, \u201e\u00e1ltala olyan k\u00e9pess\u00e9gekre tett\u00fcnk szert, amelyeknek eg\u00e9sz \u00e9let\u00fcnkben haszn\u00e1t vett\u00fck, s amelyeket m\u00e1sok irigyelve csod\u00e1ltak \u201d.<\/p><p>Bod\u00f3 Jen\u0151n\u00e9 sz\u00fcl. Sz\u00e1sz M\u00e1ria 1919-ben sz\u00fcletett B\u00e9k\u00e9sen. A b\u00e9k\u00e9si Reform\u00e1tus Gimn\u00e1ziumban \u00e9retts\u00e9gizett, a szegedi Horthy Mikl\u00f3s Tudom\u00e1nyegyetem B\u00f6lcs\u00e9szkara Tan\u00e1rk\u00e9pz\u0151 Tagozat\u00e1nak magyar-n\u00e9met-t\u00f6rt\u00e9nelem szak\u00e1n diplom\u00e1zott. 1942 szeptember\u00e9t\u0151l a sepsiszentgy\u00f6rgyi ref. Sz\u00e9kely Mik\u00f3 Koll\u00e9gium Polg\u00e1ri Le\u00e1nyiskol\u00e1j\u00e1nak el\u0151bb helyettes, majd rendes tan\u00e1ra. Az 1948-as tan\u00fcgyi reformot k\u00f6vet\u0151en az 1. sz. \u00c1ltal\u00e1nos Iskol\u00e1ban szolg\u00e1lt magyar nyelv \u00e9s irodalom szakos tan\u00e1rk\u00e9nt, 1973-as nyugd\u00edjba vonul\u00e1s\u00e1ig. Katedrai munk\u00e1ja mellett \u00edrt nyelvtank\u00f6nyvet, vezette az iskola m\u0171kedvel\u0151 csoportj\u00e1t, ballada-esteket, sz\u00ednh\u00e1zi el\u0151ad\u00e1sokat szervezett, m\u0171veket dramatiz\u00e1lt, k\u00fcl\u00f6nb\u00f6z\u0151 alkalmakra sz\u00f6vegeket \u00e1ll\u00edtott \u00f6ssze (A csillagvir\u00e1gos l\u00e1ny c\u00edm\u0171 k\u00f6tetben \u2013 szerk. Forrai Tibor, Corvin Kiad\u00f3, 2001 \u2013 egy munk\u00e1val szerepel.).<\/p><p>Emberpr\u00f3b\u00e1l\u00f3 korban \u00e9lt. Elnagyolva n\u00e9zve is benne van ebben Trianon, a m\u00e1sodik vil\u00e1g\u00e9g\u00e9s, a szem\u00e9lyi kultusz, a kommunista diktat\u00fara legvadabb \u00e9vei. M\u00e9telyes, cs\u00faf korban \u00e9lt \u2013 mondhatjuk Tompa L\u00e1szl\u00f3val \u2013, de tiszta ember volt, p\u00e9lda a m\u00e9lt\u00f3s\u00e1gra, pedag\u00f3gusi elhivatotts\u00e1gra \u00e9s becs\u00fcletre.<\/p><p style=\"text-align: right;\"><strong>Tulit Ilona<\/strong><br \/>ny. magyartan\u00e1r, Sepsiszentgy\u00f6rgy<\/p><\/div>\n\t\t\t\t<\/div>\n\t\t\t\t<\/div>\n\t\t\t\t\t<\/div>\n\t\t<\/div>\n\t\t\t\t\t\t\t<\/div>\n\t\t<\/section>\n\t\t\t\t\t\t<\/div>\n\t\t\t\t\t<\/div>\n\t\t","protected":false},"excerpt":{"rendered":"<p>Bod\u00f3 M\u00e1ria Bod\u00f3 M\u00e1ria, a pedag\u00f3gus(B\u00e9k\u00e9s, 1919\u20131995, Sepsiszentgy\u00f6rgy) K\u00f6ztudott \u00e9s egy\u00e9rtelm\u0171en elfogadott volt Sepsiszentgy\u00f6rgy\u00f6n, hogy Bod\u00f3 M\u00e1ria tan\u00edtv\u00e1nyai \u00edrnak a leghelyesebben, besz\u00e9lnek a legv\u00e1laszt\u00e9kosabban, noha azokban az \u00e9vekben, amikor magyar nyelv \u00e9s irodalmat tan\u00edtott (1942\u20131973), nem szerveztek helyes\u00edr\u00e1si, nyelvhelyess\u00e9gi versenyeket, sem tant\u00e1rgyolimpi\u00e1kat, ahonnan a tan\u00edtv\u00e1nyai oklevelekkel t\u00e9rhettek volna haza, hivatalos pap\u00edrokkal is al\u00e1t\u00e1masztani munk\u00e1ja eredm\u00e9nyess\u00e9g\u00e9t. Szem\u00e9ly\u00e9t m\u00e9gis legend\u00e1s elismer\u00e9s \u00f6vezte, nev\u00e9hez kapcsolva a szakmai tud\u00e1s mellett a szigor\u00fa ig\u00e9nyess\u00e9get, k\u00f6vetkezetess\u00e9get. Tan\u00e1ri berkekben egyfajta m\u00e9rce volt, a sz\u00fcl\u0151k k\u00f6r\u00e9ben megnyugtat\u00f3 biztos\u00edt\u00e9k: n\u00e1la j\u00f3 kezekben van a gyermek. H\u00edre-neve megel\u0151zte szem\u00e9lyes tal\u00e1lkoz\u00e1sunkat, 1969 \u0151sz\u00e9t, amikor (p\u00e1lyakezd\u0151 tan\u00e1rk\u00e9nt) koll\u00e9g\u00e1ja lettem egy tan\u00e9vre a sepsiszentgy\u00f6rgyi 1-es sz\u00e1m\u00fa \u00c1ltal\u00e1nos Iskol\u00e1ban. Munkakapcsolatunk sor\u00e1n megbizonyosodtam, hogy a h\u00edrek nem t\u00faloztak, Bod\u00f3 M\u00e1ria val\u00f3ban remek tan\u00e1r, de t\u00f6bb ann\u00e1l: igazi pedag\u00f3gus, a g\u00f6r\u00f6g paidagogosz jelent\u00e9se szerinti \u201egyermekvezet\u0151\u201d, tan\u00edtv\u00e1nyainak nevel\u0151je, fiatalabb munkat\u00e1rsainak seg\u00edt\u0151 tan\u00e1csad\u00f3ja. A kisv\u00e1ros saj\u00e1tosan helyi elv\u00e1r\u00e1sainak, hangad\u00f3 szem\u00e9lyis\u00e9geinek, azok kapcsolati h\u00e1l\u00f3j\u00e1nak t\u00e1rgyilagos bemutat\u00e1s\u00e1val \u00e9s v\u00e9lem\u00e9nyez\u00e9s\u00e9vel a beilleszked\u00e9sben seg\u00edtett. Szakmai besz\u00e9lget\u00e9seink ir\u00e1nymutat\u00f3ak voltak, olyasmit tanulhattam t\u0151le, amire az egyetemen nem k\u00e9sz\u00edtettek fel, amire csak sok \u00e9v tapasztalata \u00e9s szakmai gyakorlata tan\u00edthatja meg a j\u00f3 pedag\u00f3gust. J\u00f3 sz\u00e1nd\u00e9k\u00fa \u00e9rdekl\u0151d\u00e9se elhozta n\u00e9h\u00e1ny tan\u00edt\u00e1si \u00f3r\u00e1mra, ut\u00e1na \u00e9rt\u00e9kelte a frissen hozott, \u00faj szeml\u00e9letet, a \u201emodern\u201d m\u00f3dszereket. B\u00e1r az \u0151 m\u00f3dszerei ma is meg\u00e1lln\u00e1k a hely\u00fcket, mert tud\u00e1sb\u00f3l, c\u00e9ltudatoss\u00e1gb\u00f3l, hivat\u00e1studatb\u00f3l, a gyermek tisztelet\u00e9b\u0151l t\u00e1pl\u00e1lkoztak. Az \u00e1ltala sz\u00ednpadra \u00e1ll\u00edtott A J\u00f3ka \u00f6rd\u00f6ge (Arany J\u00e1nos) pr\u00f3b\u00e1in leny\u0171g\u00f6z\u00f6tt a t\u00fcrelme \u00e9s humor\u00e9rz\u00e9ke, a helyes ejt\u00e9st, hangs\u00falyt \u00e9s besz\u00e9dritmust gyakoroltat\u00f3 konoks\u00e1ga. Lend\u00fcletes, fiatalos volt, nem csak a katedr\u00e1n vagy a m\u0171vel\u0151d\u00e9sszervez\u00e9sben, de a mindennapokban is, nem sejtettem, hogy k\u00f6zel \u00e1ll a nyugd\u00edjas korhoz. Nevel\u0151test\u00fcleti \u00fcl\u00e9seken el\u00fclt a zaj, ha \u0151 jelentkezett sz\u00f3l\u00e1sra, az \u0151 besz\u00e9de \u00fcde kil\u00e9p\u00e9s volt a korra jellemz\u0151 \u00fcres fecseg\u00e9sb\u0151l. Mert nem csak besz\u00e9lt, hanem mondott is a r\u00e1 jellemz\u0151 sz\u00f3kimond\u00f3 egyeness\u00e9ggel. Az ideol\u00f3giai szemin\u00e1riumokon fegyelmezetten r\u00e9szt vett, de soha nem sz\u00f3lalt meg. Mert megengedhetem magamnak a hallgat\u00e1st \u2013 v\u00e1laszolta az okot firtat\u00f3 k\u00e9rd\u00e9semre. (Ma m\u00e1r tudom, hogy az \u201eoszt\u00e1lyharc\u201d \u00e9veiben kem\u00e9nyen megfizetett az 1970-beli hallgat\u00e1s jog\u00e1\u00e9rt.) Bar\u00e1ts\u00e1gg\u00e1 alakult kapcsolatunkban a mentor-szerepe mindv\u00e9gig megmaradt, nyugalmazottk\u00e9nt is p\u00e9ld\u00e1t mutatott, okos volt a biztat\u00e1sa, b\u00f6lcs tapintat\u00fa az elmarasztal\u00e1sa. V\u00e9ndi\u00e1kok eml\u00e9kk\u00f6nyv\u00e9t lapozgatva \u00e1llap\u00edthattam meg, hogy volt tan\u00edtv\u00e1nyai id\u0151s korukban, t\u00fal a 80-on is s\u0171r\u0171n emlegetik, h\u00e1l\u00e1val eml\u00e9kezve M\u00e1ria n\u00e9nire, \u201efelejthetetlen p\u00e9ldak\u00e9pnek\u201d, \u201esorsuk ir\u00e1ny\u00edt\u00f3j\u00e1nak\u201d nevezik, aki \u201enagyon \u00e9rtett hozz\u00e1, hogyan kell a gyermeki sz\u00edvekbe bevinni a szeretetet\u201d, \u201enem csak tan\u00edtott, de nevelt\u201d, \u201e\u00e9letre sz\u00f3l\u00f3 nyomot hagyott benn\u00fcnk\u201d, \u201emeghat\u00e1rozta a p\u00e1lyav\u00e1laszt\u00e1somat\u201d, \u201e\u00e1ltala olyan k\u00e9pess\u00e9gekre tett\u00fcnk szert, amelyeknek eg\u00e9sz \u00e9let\u00fcnkben haszn\u00e1t vett\u00fck, s amelyeket m\u00e1sok irigyelve csod\u00e1ltak \u201d. Bod\u00f3 Jen\u0151n\u00e9 sz\u00fcl. Sz\u00e1sz M\u00e1ria 1919-ben sz\u00fcletett B\u00e9k\u00e9sen. A b\u00e9k\u00e9si Reform\u00e1tus Gimn\u00e1ziumban \u00e9retts\u00e9gizett, a szegedi Horthy Mikl\u00f3s Tudom\u00e1nyegyetem B\u00f6lcs\u00e9szkara Tan\u00e1rk\u00e9pz\u0151 Tagozat\u00e1nak magyar-n\u00e9met-t\u00f6rt\u00e9nelem szak\u00e1n diplom\u00e1zott. 1942 szeptember\u00e9t\u0151l a sepsiszentgy\u00f6rgyi ref. Sz\u00e9kely Mik\u00f3 Koll\u00e9gium Polg\u00e1ri Le\u00e1nyiskol\u00e1j\u00e1nak el\u0151bb helyettes, majd rendes tan\u00e1ra. Az 1948-as tan\u00fcgyi reformot k\u00f6vet\u0151en az 1. sz. \u00c1ltal\u00e1nos Iskol\u00e1ban szolg\u00e1lt magyar nyelv \u00e9s irodalom szakos tan\u00e1rk\u00e9nt, 1973-as nyugd\u00edjba vonul\u00e1s\u00e1ig. Katedrai munk\u00e1ja mellett \u00edrt nyelvtank\u00f6nyvet, vezette az iskola m\u0171kedvel\u0151 csoportj\u00e1t, ballada-esteket, sz\u00ednh\u00e1zi el\u0151ad\u00e1sokat szervezett, m\u0171veket dramatiz\u00e1lt, k\u00fcl\u00f6nb\u00f6z\u0151 alkalmakra sz\u00f6vegeket \u00e1ll\u00edtott \u00f6ssze (A csillagvir\u00e1gos l\u00e1ny c\u00edm\u0171 k\u00f6tetben \u2013 szerk. Forrai Tibor, Corvin Kiad\u00f3, 2001 \u2013 egy munk\u00e1val szerepel.). Emberpr\u00f3b\u00e1l\u00f3 korban \u00e9lt. Elnagyolva n\u00e9zve is benne van ebben Trianon, a m\u00e1sodik vil\u00e1g\u00e9g\u00e9s, a szem\u00e9lyi kultusz, a kommunista diktat\u00fara legvadabb \u00e9vei. M\u00e9telyes, cs\u00faf korban \u00e9lt \u2013 mondhatjuk Tompa L\u00e1szl\u00f3val \u2013, de tiszta ember volt, p\u00e9lda a m\u00e9lt\u00f3s\u00e1gra, pedag\u00f3gusi elhivatotts\u00e1gra \u00e9s becs\u00fcletre. Tulit Ilonany. magyartan\u00e1r, Sepsiszentgy\u00f6rgy<\/p>\n","protected":false},"author":1,"featured_media":0,"parent":1953,"menu_order":0,"comment_status":"closed","ping_status":"closed","template":"elementor_header_footer","meta":{"footnotes":""},"class_list":["post-1971","page","type-page","status-publish","hentry"],"_links":{"self":[{"href":"http:\/\/civilportal.ro\/BodoBarna\/wp-json\/wp\/v2\/pages\/1971","targetHints":{"allow":["GET"]}}],"collection":[{"href":"http:\/\/civilportal.ro\/BodoBarna\/wp-json\/wp\/v2\/pages"}],"about":[{"href":"http:\/\/civilportal.ro\/BodoBarna\/wp-json\/wp\/v2\/types\/page"}],"author":[{"embeddable":true,"href":"http:\/\/civilportal.ro\/BodoBarna\/wp-json\/wp\/v2\/users\/1"}],"replies":[{"embeddable":true,"href":"http:\/\/civilportal.ro\/BodoBarna\/wp-json\/wp\/v2\/comments?post=1971"}],"version-history":[{"count":7,"href":"http:\/\/civilportal.ro\/BodoBarna\/wp-json\/wp\/v2\/pages\/1971\/revisions"}],"predecessor-version":[{"id":1978,"href":"http:\/\/civilportal.ro\/BodoBarna\/wp-json\/wp\/v2\/pages\/1971\/revisions\/1978"}],"up":[{"embeddable":true,"href":"http:\/\/civilportal.ro\/BodoBarna\/wp-json\/wp\/v2\/pages\/1953"}],"wp:attachment":[{"href":"http:\/\/civilportal.ro\/BodoBarna\/wp-json\/wp\/v2\/media?parent=1971"}],"curies":[{"name":"wp","href":"https:\/\/api.w.org\/{rel}","templated":true}]}}