{"id":146,"date":"2021-02-24T23:08:36","date_gmt":"2021-02-24T23:08:36","guid":{"rendered":"http:\/\/civilportal.ro\/BodoBarna\/?page_id=146"},"modified":"2021-02-26T19:08:02","modified_gmt":"2021-02-26T19:08:02","slug":"kezdolap","status":"publish","type":"page","link":"http:\/\/civilportal.ro\/BodoBarna\/","title":{"rendered":"Kezd\u0151lap"},"content":{"rendered":"\t\t<div data-elementor-type=\"wp-page\" data-elementor-id=\"146\" class=\"elementor elementor-146\" data-elementor-settings=\"[]\">\n\t\t\t\t\t\t\t<div class=\"elementor-section-wrap\">\n\t\t\t\t\t\t\t<section class=\"elementor-section elementor-top-section elementor-element elementor-element-275b1dd9 elementor-section-boxed elementor-section-height-default elementor-section-height-default\" data-id=\"275b1dd9\" data-element_type=\"section\">\n\t\t\t\t\t\t<div class=\"elementor-container elementor-column-gap-default\">\n\t\t\t\t\t<div class=\"elementor-column elementor-col-100 elementor-top-column elementor-element elementor-element-c665026\" data-id=\"c665026\" data-element_type=\"column\">\n\t\t\t<div class=\"elementor-widget-wrap elementor-element-populated\">\n\t\t\t\t\t\t\t\t<div class=\"elementor-element elementor-element-2777f494 elementor-widget elementor-widget-spacer\" data-id=\"2777f494\" data-element_type=\"widget\" data-widget_type=\"spacer.default\">\n\t\t\t\t<div class=\"elementor-widget-container\">\n\t\t\t\t\t<div class=\"elementor-spacer\">\n\t\t\t<div class=\"elementor-spacer-inner\"><\/div>\n\t\t<\/div>\n\t\t\t\t<\/div>\n\t\t\t\t<\/div>\n\t\t\t\t\t<\/div>\n\t\t<\/div>\n\t\t\t\t\t\t\t<\/div>\n\t\t<\/section>\n\t\t\t\t<section class=\"elementor-section elementor-top-section elementor-element elementor-element-10c93d6c elementor-section-boxed elementor-section-height-default elementor-section-height-default\" data-id=\"10c93d6c\" data-element_type=\"section\">\n\t\t\t\t\t\t<div class=\"elementor-container elementor-column-gap-default\">\n\t\t\t\t\t<div class=\"elementor-column elementor-col-100 elementor-top-column elementor-element elementor-element-61a9e07b\" data-id=\"61a9e07b\" data-element_type=\"column\">\n\t\t\t<div class=\"elementor-widget-wrap elementor-element-populated\">\n\t\t\t\t\t\t\t\t<div class=\"elementor-element elementor-element-2c3d7d59 elementor-widget elementor-widget-heading\" data-id=\"2c3d7d59\" data-element_type=\"widget\" data-widget_type=\"heading.default\">\n\t\t\t\t<div class=\"elementor-widget-container\">\n\t\t\t<h1 class=\"elementor-heading-title elementor-size-default\">Tor\u00f3 T. Tibor laud\u00e1ci\u00f3ja Bod\u00f3 Barn\u00e1r\u00f3l<\/h1>\t\t<\/div>\n\t\t\t\t<\/div>\n\t\t\t\t\t<\/div>\n\t\t<\/div>\n\t\t\t\t\t\t\t<\/div>\n\t\t<\/section>\n\t\t\t\t<section class=\"elementor-section elementor-top-section elementor-element elementor-element-bac56c1 elementor-section-boxed elementor-section-height-default elementor-section-height-default\" data-id=\"bac56c1\" data-element_type=\"section\">\n\t\t\t\t\t\t<div class=\"elementor-container elementor-column-gap-default\">\n\t\t\t\t\t<div class=\"elementor-column elementor-col-100 elementor-top-column elementor-element elementor-element-68d766c\" data-id=\"68d766c\" data-element_type=\"column\">\n\t\t\t<div class=\"elementor-widget-wrap elementor-element-populated\">\n\t\t\t\t\t\t\t\t<div class=\"elementor-element elementor-element-3c5220f elementor-widget elementor-widget-text-editor\" data-id=\"3c5220f\" data-element_type=\"widget\" data-widget_type=\"text-editor.default\">\n\t\t\t\t<div class=\"elementor-widget-container\">\n\t\t\t\t\t<div class=\"elementor-text-editor elementor-clearfix\"><h5 style=\"text-align: center;\">2019-ben, az Erd\u00e9lyi Magyar Nemzeti Tan\u00e1cs <em>K\u00f3s K\u00e1roly-d\u00ed<\/em>j\u00e1nak \u00e1tad\u00e1sa alkalm\u00e1val Tor\u00f3 T. Tibor t\u00f6bbek k\u00f6z\u00f6tt az al\u00e1bbiakat mondta:<\/h5><\/div>\n\t\t\t\t<\/div>\n\t\t\t\t<\/div>\n\t\t\t\t\t<\/div>\n\t\t<\/div>\n\t\t\t\t\t\t\t<\/div>\n\t\t<\/section>\n\t\t\t\t<section class=\"elementor-section elementor-top-section elementor-element elementor-element-fdc959c elementor-section-boxed elementor-section-height-default elementor-section-height-default\" data-id=\"fdc959c\" data-element_type=\"section\">\n\t\t\t\t\t\t<div class=\"elementor-container elementor-column-gap-default\">\n\t\t\t\t\t<div class=\"elementor-column elementor-col-100 elementor-top-column elementor-element elementor-element-f210aab\" data-id=\"f210aab\" data-element_type=\"column\">\n\t\t\t<div class=\"elementor-widget-wrap elementor-element-populated\">\n\t\t\t\t\t\t\t\t<div class=\"elementor-element elementor-element-9bdb1ca elementor-widget elementor-widget-text-editor\" data-id=\"9bdb1ca\" data-element_type=\"widget\" data-widget_type=\"text-editor.default\">\n\t\t\t\t<div class=\"elementor-widget-container\">\n\t\t\t\t\t<div class=\"elementor-text-editor elementor-clearfix\"><p><img loading=\"lazy\" decoding=\"async\" class=\"size-full wp-image-449 aligncenter\" src=\"http:\/\/civilportal.ro\/BodoBarna\/wp-content\/uploads\/2021\/02\/BB_Kos-Karoly-dij-atvetele.jpg\" alt=\"\" width=\"500\" height=\"260\" srcset=\"http:\/\/civilportal.ro\/BodoBarna\/wp-content\/uploads\/2021\/02\/BB_Kos-Karoly-dij-atvetele.jpg 500w, http:\/\/civilportal.ro\/BodoBarna\/wp-content\/uploads\/2021\/02\/BB_Kos-Karoly-dij-atvetele-300x156.jpg 300w\" sizes=\"auto, (max-width: 500px) 100vw, 500px\" \/><\/p><\/div>\n\t\t\t\t<\/div>\n\t\t\t\t<\/div>\n\t\t\t\t\t<\/div>\n\t\t<\/div>\n\t\t\t\t\t\t\t<\/div>\n\t\t<\/section>\n\t\t\t\t<section class=\"elementor-section elementor-top-section elementor-element elementor-element-c610553 elementor-section-boxed elementor-section-height-default elementor-section-height-default\" data-id=\"c610553\" data-element_type=\"section\">\n\t\t\t\t\t\t<div class=\"elementor-container elementor-column-gap-default\">\n\t\t\t\t\t<div class=\"elementor-column elementor-col-100 elementor-top-column elementor-element elementor-element-a3e7cab\" data-id=\"a3e7cab\" data-element_type=\"column\">\n\t\t\t<div class=\"elementor-widget-wrap elementor-element-populated\">\n\t\t\t\t\t\t\t\t<div class=\"elementor-element elementor-element-050a7ed elementor-widget elementor-widget-text-editor\" data-id=\"050a7ed\" data-element_type=\"widget\" data-widget_type=\"text-editor.default\">\n\t\t\t\t<div class=\"elementor-widget-container\">\n\t\t\t\t\t<div class=\"elementor-text-editor elementor-clearfix\"><p style=\"text-align: justify;\">\u00a0\u00a0\u00a0\u00a0\u00a0 \u201eBod\u00f3 Barna az 1989. decemberi rendszerv\u00e1ltoz\u00e1s ut\u00e1ni politikai \u00e9s szellemi k\u00f6z\u00e9let f\u0151embereinek egyike. Sok csat\u00e1t meg\u00e9rt, sokat l\u00e1t\u00f3, nagy titkok tud\u00f3ja, sokat v\u00e1llal\u00f3, a kih\u00edv\u00e1sokat szemb\u0151l fogad\u00f3, nagy \u00fajrakezd\u0151. \u00dajrakezd\u0151. Kev\u00e9s \u00edr\u00e1stud\u00f3ink egyike, a jobbik fajt\u00e1b\u00f3l. Aki \u00fagy lett a rendszerv\u00e1ltoz\u00e1s f\u0151sodr\u00e1ban (Temesv\u00e1ron) politikus, hogy soha nem sz\u0171nt meg korl\u00e1tokat feszeget\u0151 \u00e9rtelmis\u00e9gi lenni. \u0150 az a fizikusb\u00f3l lett t\u00e1rsadalomtud\u00f3s, aki meglett kor\u00e1ra is meg\u0151rizte fiatalkori \u00fajs\u00e1g\u00edr\u00f3i k\u00edv\u00e1ncsis\u00e1g\u00e1t. Aki cs\u00facspolitikusk\u00e9nt is mindig civil tudott maradni. Aki a magaslatokban is j\u00e1rt \u2013 orsz\u00e1gos politikai aleln\u00f6ke volt az akkor m\u00e9g egyetlen \u00e9rdekv\u00e9delmi sz\u00f6vets\u00e9g\u00fcnknek \u2013 majd onnan al\u00e1ereszkedve, k\u00e9pes volt tisztess\u00e9gesen \u00fajj\u00e1sz\u00fcletni a \u201ebarik\u00e1d\u201d t\u00faloldal\u00e1n kutat\u00f3k\u00e9nt, oktat\u00f3k\u00e9nt \u00e9s civil mozgalm\u00e1rk\u00e9nt egyar\u00e1nt. Egy saj\u00e1tos huszadik sz\u00e1zadi renesz\u00e1nsz emberrel van dolgunk teh\u00e1t, aki \u00fajs\u00e1g\u00edr\u00f3k\u00e9nt, riporterk\u00e9nt, politikusk\u00e9nt, \u00f6nkorm\u00e1nyzati k\u00e9pvisel\u0151k\u00e9nt, kutat\u00f3k\u00e9nt, egyetemi oktat\u00f3k\u00e9nt \u00e9s a civil t\u00e1rsadalom avatott szervez\u0151jek\u00e9nt is mindig \u00f6nmaga maradt: a k\u00f6z\u00f6ss\u00e9ge \u00e9rt\u00e9keit \u00e9s \u00e9rdekeit felismer\u0151, azt felv\u00e1llal\u00f3, kreat\u00edv energi\u00e1it annak szolg\u00e1lat\u00e1ba \u00e1ll\u00edt\u00f3 szellemi munk\u00e1s.[\u2026] Kutat\u00f3i-oktat\u00f3i min\u0151s\u00e9g\u00e9ben sem tagadta meg harcos \u00f6nmag\u00e1t, amikor az \u00f6n\u00e1ll\u00f3 magyar egyetem\u00e9rt akci\u00f3z\u00f3 <em>Bolyai Kezdem\u00e9nyez\u0151 Bizotts\u00e1g<\/em> fiatalabb tagjai mell\u00e9 \u00e1llt 2003-ban, \u00e9s v\u00e1llalta a BKB eln\u00f6ks\u00e9g\u00e9t. E tiszts\u00e9gr\u0151l akkor mondott le, amikor a Hantz P\u00e9ter \u00e9s Kov\u00e1cs Lehel aleln\u00f6k\u00f6ket ki\u00e1ll\u00e1suk miatt 2006 tavasz\u00e1n kir\u00fagt\u00e1k az egyetemr\u0151l, neki pedig d\u00e9k\u00e1ni felsz\u00f3l\u00edt\u00e1sra 2006 \u0151sz\u00e9t\u0151l m\u00e1s munkahelyet kellett keresnie. [\u2026] Meghat\u00e1roz\u00f3 szerepe van abban, hogy a sz\u00f3rv\u00e1ny fogalm\u00e1t siker\u00fclt tudom\u00e1nyosan megalapozni. Bod\u00f3 Barna nev\u00e9hez k\u00f6thet\u0151 t\u00f6bb fontos strat\u00e9giai anyag kidolgoz\u00e1sa. Ezek k\u00f6z\u00fcl is kiemelked\u0151 az a <em>sz\u00f3rv\u00e1nystrat\u00e9gia<\/em>, amelyet a M\u00c1\u00c9RT sz\u00f3rv\u00e1nybizotts\u00e1ga t\u00e1rseln\u00f6kek\u00e9nt tett le az asztalra, \u00e9s amelyben \u00faj ir\u00e1nyt szabott nem csak a sz\u00f3rv\u00e1nyk\u00f6z\u00f6ss\u00e9gekkel kapcsolatos tudom\u00e1nyos kutat\u00e1soknak (\u201e<em>a sz\u00f3rv\u00e1ny mint nemzethat\u00e1r<\/em>\u201d \u00e9rtelmez\u00e9se az \u0151 nev\u00e9hez k\u00f6thet\u0151), hanem a k\u00f6z\u00f6ss\u00e9g\u00e9p\u00edt\u00e9snek \u00e9s t\u00e1mogat\u00e1spolitik\u00e1nak is. Maradand\u00f3 ebben a tekintetben az \u00e1ltala \u00e9letre h\u00edvott temesv\u00e1ri <em>Sz\u00f3rv\u00e1ny Alap\u00edtv\u00e1ny<\/em>.\u201d<\/p><\/div>\n\t\t\t\t<\/div>\n\t\t\t\t<\/div>\n\t\t\t\t\t<\/div>\n\t\t<\/div>\n\t\t\t\t\t\t\t<\/div>\n\t\t<\/section>\n\t\t\t\t<section class=\"elementor-section elementor-top-section elementor-element elementor-element-4873da3 elementor-section-boxed elementor-section-height-default elementor-section-height-default\" data-id=\"4873da3\" data-element_type=\"section\">\n\t\t\t\t\t\t<div class=\"elementor-container elementor-column-gap-default\">\n\t\t\t\t\t<div class=\"elementor-column elementor-col-100 elementor-top-column elementor-element elementor-element-f9710bf\" data-id=\"f9710bf\" data-element_type=\"column\">\n\t\t\t<div class=\"elementor-widget-wrap elementor-element-populated\">\n\t\t\t\t\t\t\t\t<div class=\"elementor-element elementor-element-d38be14 elementor-widget elementor-widget-spacer\" data-id=\"d38be14\" data-element_type=\"widget\" data-widget_type=\"spacer.default\">\n\t\t\t\t<div class=\"elementor-widget-container\">\n\t\t\t\t\t<div class=\"elementor-spacer\">\n\t\t\t<div class=\"elementor-spacer-inner\"><\/div>\n\t\t<\/div>\n\t\t\t\t<\/div>\n\t\t\t\t<\/div>\n\t\t\t\t\t<\/div>\n\t\t<\/div>\n\t\t\t\t\t\t\t<\/div>\n\t\t<\/section>\n\t\t\t\t\t\t<\/div>\n\t\t\t\t\t<\/div>\n\t\t","protected":false},"excerpt":{"rendered":"<p>Tor\u00f3 T. Tibor laud\u00e1ci\u00f3ja Bod\u00f3 Barn\u00e1r\u00f3l 2019-ben, az Erd\u00e9lyi Magyar Nemzeti Tan\u00e1cs K\u00f3s K\u00e1roly-d\u00edj\u00e1nak \u00e1tad\u00e1sa alkalm\u00e1val Tor\u00f3 T. Tibor t\u00f6bbek k\u00f6z\u00f6tt az al\u00e1bbiakat mondta: \u00a0\u00a0\u00a0\u00a0\u00a0 \u201eBod\u00f3 Barna az 1989. decemberi rendszerv\u00e1ltoz\u00e1s ut\u00e1ni politikai \u00e9s szellemi k\u00f6z\u00e9let f\u0151embereinek egyike. Sok csat\u00e1t meg\u00e9rt, sokat l\u00e1t\u00f3, nagy titkok tud\u00f3ja, sokat v\u00e1llal\u00f3, a kih\u00edv\u00e1sokat szemb\u0151l fogad\u00f3, nagy \u00fajrakezd\u0151. \u00dajrakezd\u0151. Kev\u00e9s \u00edr\u00e1stud\u00f3ink egyike, a jobbik fajt\u00e1b\u00f3l. Aki \u00fagy lett a rendszerv\u00e1ltoz\u00e1s f\u0151sodr\u00e1ban (Temesv\u00e1ron) politikus, hogy soha nem sz\u0171nt meg korl\u00e1tokat feszeget\u0151 \u00e9rtelmis\u00e9gi lenni. \u0150 az a fizikusb\u00f3l lett t\u00e1rsadalomtud\u00f3s, aki meglett kor\u00e1ra is meg\u0151rizte fiatalkori \u00fajs\u00e1g\u00edr\u00f3i k\u00edv\u00e1ncsis\u00e1g\u00e1t. Aki cs\u00facspolitikusk\u00e9nt is mindig civil tudott maradni. Aki a magaslatokban is j\u00e1rt \u2013 orsz\u00e1gos politikai aleln\u00f6ke volt az akkor m\u00e9g egyetlen \u00e9rdekv\u00e9delmi sz\u00f6vets\u00e9g\u00fcnknek \u2013 majd onnan al\u00e1ereszkedve, k\u00e9pes volt tisztess\u00e9gesen \u00fajj\u00e1sz\u00fcletni a \u201ebarik\u00e1d\u201d t\u00faloldal\u00e1n kutat\u00f3k\u00e9nt, oktat\u00f3k\u00e9nt \u00e9s civil mozgalm\u00e1rk\u00e9nt egyar\u00e1nt. Egy saj\u00e1tos huszadik sz\u00e1zadi renesz\u00e1nsz emberrel van dolgunk teh\u00e1t, aki \u00fajs\u00e1g\u00edr\u00f3k\u00e9nt, riporterk\u00e9nt, politikusk\u00e9nt, \u00f6nkorm\u00e1nyzati k\u00e9pvisel\u0151k\u00e9nt, kutat\u00f3k\u00e9nt, egyetemi oktat\u00f3k\u00e9nt \u00e9s a civil t\u00e1rsadalom avatott szervez\u0151jek\u00e9nt is mindig \u00f6nmaga maradt: a k\u00f6z\u00f6ss\u00e9ge \u00e9rt\u00e9keit \u00e9s \u00e9rdekeit felismer\u0151, azt felv\u00e1llal\u00f3, kreat\u00edv energi\u00e1it annak szolg\u00e1lat\u00e1ba \u00e1ll\u00edt\u00f3 szellemi munk\u00e1s.[\u2026] Kutat\u00f3i-oktat\u00f3i min\u0151s\u00e9g\u00e9ben sem tagadta meg harcos \u00f6nmag\u00e1t, amikor az \u00f6n\u00e1ll\u00f3 magyar egyetem\u00e9rt akci\u00f3z\u00f3 Bolyai Kezdem\u00e9nyez\u0151 Bizotts\u00e1g fiatalabb tagjai mell\u00e9 \u00e1llt 2003-ban, \u00e9s v\u00e1llalta a BKB eln\u00f6ks\u00e9g\u00e9t. E tiszts\u00e9gr\u0151l akkor mondott le, amikor a Hantz P\u00e9ter \u00e9s Kov\u00e1cs Lehel aleln\u00f6k\u00f6ket ki\u00e1ll\u00e1suk miatt 2006 tavasz\u00e1n kir\u00fagt\u00e1k az egyetemr\u0151l, neki pedig d\u00e9k\u00e1ni felsz\u00f3l\u00edt\u00e1sra 2006 \u0151sz\u00e9t\u0151l m\u00e1s munkahelyet kellett keresnie. [\u2026] Meghat\u00e1roz\u00f3 szerepe van abban, hogy a sz\u00f3rv\u00e1ny fogalm\u00e1t siker\u00fclt tudom\u00e1nyosan megalapozni. Bod\u00f3 Barna nev\u00e9hez k\u00f6thet\u0151 t\u00f6bb fontos strat\u00e9giai anyag kidolgoz\u00e1sa. Ezek k\u00f6z\u00fcl is kiemelked\u0151 az a sz\u00f3rv\u00e1nystrat\u00e9gia, amelyet a M\u00c1\u00c9RT sz\u00f3rv\u00e1nybizotts\u00e1ga t\u00e1rseln\u00f6kek\u00e9nt tett le az asztalra, \u00e9s amelyben \u00faj ir\u00e1nyt szabott nem csak a sz\u00f3rv\u00e1nyk\u00f6z\u00f6ss\u00e9gekkel kapcsolatos tudom\u00e1nyos kutat\u00e1soknak (\u201ea sz\u00f3rv\u00e1ny mint nemzethat\u00e1r\u201d \u00e9rtelmez\u00e9se az \u0151 nev\u00e9hez k\u00f6thet\u0151), hanem a k\u00f6z\u00f6ss\u00e9g\u00e9p\u00edt\u00e9snek \u00e9s t\u00e1mogat\u00e1spolitik\u00e1nak is. Maradand\u00f3 ebben a tekintetben az \u00e1ltala \u00e9letre h\u00edvott temesv\u00e1ri Sz\u00f3rv\u00e1ny Alap\u00edtv\u00e1ny.\u201d<\/p>\n","protected":false},"author":1,"featured_media":0,"parent":0,"menu_order":0,"comment_status":"closed","ping_status":"closed","template":"elementor_header_footer","meta":{"footnotes":""},"class_list":["post-146","page","type-page","status-publish","hentry"],"_links":{"self":[{"href":"http:\/\/civilportal.ro\/BodoBarna\/wp-json\/wp\/v2\/pages\/146","targetHints":{"allow":["GET"]}}],"collection":[{"href":"http:\/\/civilportal.ro\/BodoBarna\/wp-json\/wp\/v2\/pages"}],"about":[{"href":"http:\/\/civilportal.ro\/BodoBarna\/wp-json\/wp\/v2\/types\/page"}],"author":[{"embeddable":true,"href":"http:\/\/civilportal.ro\/BodoBarna\/wp-json\/wp\/v2\/users\/1"}],"replies":[{"embeddable":true,"href":"http:\/\/civilportal.ro\/BodoBarna\/wp-json\/wp\/v2\/comments?post=146"}],"version-history":[{"count":22,"href":"http:\/\/civilportal.ro\/BodoBarna\/wp-json\/wp\/v2\/pages\/146\/revisions"}],"predecessor-version":[{"id":454,"href":"http:\/\/civilportal.ro\/BodoBarna\/wp-json\/wp\/v2\/pages\/146\/revisions\/454"}],"wp:attachment":[{"href":"http:\/\/civilportal.ro\/BodoBarna\/wp-json\/wp\/v2\/media?parent=146"}],"curies":[{"name":"wp","href":"https:\/\/api.w.org\/{rel}","templated":true}]}}